 - ((4 + -4 - -3) + 5).
-5
Calculate 9 + (-7 - 4) + 5.
3
What is -3 - (-9 - (5 + -10))?
1
Calculate (13 - 15 - (1 + -1)) + 0.
-2
What is the value of (10 - 0) + (-5 - (14 + -14))?
5
-5 + (1 - -6 - -2)
4
What is 17 + -6 - 12 - 3?
-4
What is the value of -9 + 0 + 2 - -3?
-4
Calculate 1 - (4 - (7 - 5)).
-1
Calculate 4 + -2 - (-2 + 1 - -1).
2
What is 1 - (2 + (2 - 3))?
0
Calculate 3 + (-5 - -4) + (-1 - 0).
1
Calculate (-3 - -3 - -3) + 2.
5
0 - (-5 + 1 + -4 + 4)
4
What is the value of 8 - 6 - (2 - -2 - 0)?
-2
2 - 1 - (1 + (0 - 0))
0
(-5 - -7) + 0 + -4
-2
What is -3 + 4 + (0 - -4)?
5
-4 + 1 + (-4 - -3)
-4
What is the value of 2 - (6 + -5) - (1 + 2)?
-2
What is -6 + (-3 + 2 - -1) + 4?
-2
What is -2 + 1 - (7 + -14)?
6
What is -2 - ((-1 - -6) + -3)?
-4
What is the value of 10 - (-2 - -13) - -5?
4
What is the value of (4 - (0 - (6 + -5))) + -2?
3
Evaluate -9 + (6 - 3) - -4.
-2
Calculate -5 + (4 - (-4 + -1 + 0)).
4
-2 + (2 - -5) + -8
-3
What is the value of 0 + 4 - (-6 - (-3 + -4))?
3
What is 2 + (1 - 3 - 2)?
-2
What is the value of 123 - 124 - (-2 - -2 - 5)?
4
Calculate -6 + 5 + (-6 - -3) + 4.
0
Calculate -7 - (-4 + -2) - (5 + -16).
10
Evaluate 2 - (6 - 1 - 2).
-1
Evaluate 9 + -8 + -7 - 3.
-9
What is (-6 - -1 - (-5 - -4)) + 3?
-1
-9 + 3 + 0 + 5
-1
0 + -4 + 0 + 2 + 5
3
What is the value of (2 - 3) + 1 - -2?
2
Calculate (2 - 5 - -3) + 3 + -4.
-1
-12 - -8 - (-3 - -2) - -4
1
0 + -1 + -7 + 6
-2
10 - 1 - (-5 + 3 - -6)
5
What is the value of -3 - (-2 - (0 + 5))?
4
What is 17 + -1 + -10 + (0 - 4)?
2
1 + 3 - (5 + -5)
4
-10 + (-24 - -13) + 24
3
What is the value of ((3 - 4) + 5 - 4) + 1?
1
37 - 49 - (2 + -14)
0
What is (-2 - -1) + 2 + (3 - -2)?
6
What is (0 + -3 - 0) + -515 + 517?
-1
What is -1 - (10 + (0 - (3 + 1)))?
-7
Evaluate 4 + -7 + 3 - -2.
2
Calculate 12 + -8 - (4 - 1).
1
(2 - -1 - 10 - -5) + 7
5
Calculate 5 - ((-2 - (0 - 3)) + 2).
2
Calculate (14 - 9) + (-3 - -3).
5
Evaluate (8 - 3) + -3 - 3.
-1
Evaluate (4 - (-2 + -1 + 4)) + -1.
2
Evaluate 2 - (-5 + 9 + -9).
7
Calculate -3 + 5 + 2 - 4.
0
What is 2 - ((4 - 6 - -3) + -2)?
3
Evaluate -2 + (-2 - (-2 - 1)).
-1
Calculate -2 + (-6 - -4) - (-4 + 7).
-7
Calculate (0 - 5) + 11 - 6.
0
Calculate 7 + -7 + -1 + -2.
-3
What is 3 + -1 - (-21 + 24)?
-1
What is the value of -4 + 6 + 2 + 0 + -3?
1
Evaluate 1 + -9 + 5 + -2 + 4.
-1
Calculate -10 + (13 - 8 - -2).
-3
What is the value of 1 + (-3 - (-2 - 1))?
1
What is the value of (-17 - (12 - 34)) + -3 + 1?
3
Calculate 18 - 14 - (-2 - (-6 - 0)).
0
-3 + (6 - 9) + (1 - 0)
-5
-2 + (-3 - (-6 - 0))
1
Calculate -5 + -1 + 5 - -2.
1
What is (8 - 7 - -1) + 16 + -8?
10
Evaluate -6 + 20 - 7 - 4.
3
Calculate 19 - 16 - (1 + 4 - 1).
-1
What is (-1 - 1) + -6 + (-5 - -11)?
-2
Evaluate -2 - (-6 + 1 + 3).
0
Calculate 13 + -8 + 1 + -1.
5
What is the value of -7 + (4 - -1) - -10?
8
-8 + -1 - ((-6 - -1) + 3)
-7
Calculate -5 + (3 - (3 - 2)) + 1.
-2
(-61 - -58) + 1 + 1
-1
(-16 - (-3 + 1)) + 25 + -20
-9
Calculate -1 - -1 - ((9 - 11) + 1).
1
What is (-5 - -2) + (-3 - -7) - 6?
-5
6 + 5 + -11 + 4
4
Evaluate (-3 - (-4 - -1)) + -5 + 12.
7
Calculate 15 - 14 - (-3 + 4 - 5).
5
4 - (9 - 9) - 10
-6
8 + -9 + 1 - -4
4
What is (-5 - 0) + 1 - 0?
-4
What is 1 - (-2 - (-9 + 3)) - -8?
5
What is (2 + 1 - -4) + (-17 - -6)?
-4
What is -9 + (5 - (5 + -8))?
-1
What is the value of -3 + -2 + 1 + 2?
-2
Evaluate (0 - -6) + (1 - (2 - 1)).
6
(-5 - 0) + (-7 - (-5 + -2))
-5
What is the value of -2 - (1 - (-1 + 1 + 0))?
-3
What is -5 + 2 + -1 + 6?
2
Evaluate 0 - -2 - 3 - 2.
-3
Calculate 14 + (-7 - 14) - 3.
-10
Calculate 0 + 0 + 2 + -4 + -2.
-4
Evaluate (2 - 1) + (8 - 6) + -2.
1
Calculate -1 + (7 - 3) - (-3 + 8).
-2
Calculate (8 - 6) + (3 - 1) + -9.
-5
What is 15 + -5 - 3 - (6 + -3)?
4
What is 12 + (0 - 10 - -5)?
7
Calculate -1 + 1 + (-93 - -86).
-7
What is the value of (-2 - 1) + (-2 - -4) + -1?
-2
What is 0 + -1 + -8 + 6 + 2?
-1
What is the value of (-6 - 7) + 15 - 1?
1
6 - (-8 + (18 - -5) - 3)
-6
0 + 4 + (0 - (9 - 4))
-1
What is (0 - ((2 - -5) + -6)) + 7?
6
-4 + (0 - (1 - 6)) + 4
5
Evaluate -2 + 0 + 3 + -3 + -3.
-5
Calculate (-1 - 8) + (12 - 7).
-4
Evaluate (1 - -1) + -21 + 14.
-5
Evaluate 4 + -1 + 5 + 0 + -9.
-1
Evaluate -3 + (2 - -1) + (-1 - -4).
3
What is the value of 7 - (7 - (1 + -3 + 0))?
-2
3 + 4 + -4 - (30 - 28)
1
What is the value of 1 + -9 + -1 + 6?
-3
What is the value of 6 - (-5 + 10 + (5 - -2))?
-6
Evaluate 4 + (-5 + 2 - (3 + 2)).
-4
What is the value of (1 - 2) + 12 + -9 + 2?
4
Evaluate (5 - 3) + -1 + (9 - 14).
-4
Calculate -1 - 3 - (-12 - (-1 + -4)).
3
-4 + 6 + 2 - 1
3
-5 - -6 - -4 - (1 - 4)
8
Calculate 3 + (3 - -8) + -5.
9
Evaluate 5 - (3 - -5 - (-2 - -2)).
-3
Evaluate -2 - (-13 - (-4 - 1)) - -4.
10
What is (20 - 19) + (-1 - (0 - 2))?
2
Evaluate -4 + 8 - (7 - -2).
-5
Calculate -6 + 15 + -14 + 7 + -2.
0
What is the value of (9 + -6 - 0) + -6?
-3
Calculate 3 + (-56 - -53) + 1 + -8.
-7
Calculate 0 - (6 - (15 + (-4 - 2))).
3
What is the value of -4 + -4 + 10 + 2?
4
Calculate 4 - (-6 - -7) - 5 - -5.
3
What is 1 - ((12 - 0) + -7)?
-4
Calculate 6 + -2 + (0 - (7 + -4)).
1
(-2 - -1) + -1 + 8 + -3
3
2 + -7 + -28 + 41
8
Evaluate 191 - 203 - (-4 - -1).
-9
Calculate -6 - (9 + -17 + 9).
-7
What is 2 - (1 - (8 - (4 + -1)))?
6
What is 0 - (5 + 3 + -3 + -1)?
-4
What is the value of -9 + -4 + 1 + 7?
-5
What is -6 + -1 - (-2 + -6)?
1
What is the value of (-9 - 4 - -4) + 8?
-1
0 + -1 - (8 - (5 - -3))
-1
Evaluate 7 + 8 + 5 + (-16 - -4).
8
(3 - -1) + (-3 + 2 - 2)
1
What is the value of -1 + 19 + -147 + 132?
3
Evaluate -3 - (0 + -1 + 1 + 2).
-5
What is the value of 5 + 2 + (-1 - 1) + -1?
4
What is the value of -2 - (3 + -17) - 5?
7
-28 + 33 - (0 + (-2 - -6))
1
What is -1 + 2 + (5 - -1)?
7
Calculate (1 - (0 - 3) - 10) + 4.
-2
What is the value of -6 + 5 + (0 - (-2 - 1))?
2
-9 + 3 + 8 - -2
4
Calculate -7 + 10 + (1 - 0).
4
Evaluate (-5 - -7 - 0) + (0 - 5).
-3
What is the value of (22 + -3 - 10) + -5?
4
Evaluate 3 + -1 + 0 + -6.
-4
What is -11 + 5 - -3 - -3?
0
What is 3 + 2 - (3 + 3 - 5)?
4
Calculate 5 + 0 - (-7 + 8).
4
Calculate -11 + 17 + -8 + -1 + 0.
-3
Calculate -51 - -48 - (1 + -3).
-1
What is 5 - (0 + 0 - (-3 - -1))?
3
(8 - -1) + -3 - 3 - -1
4
Evaluate -39 - -30 - (-4 - 1).
-4
Evaluate 7 + (-8 - -15) + -20.
-6
-1 + -1 + -49 + 59
8
-2 + 0 - (0 + -1) - -1
0
Calculate -2 + 6 + (-3 - -1) + -4.
-2
Evaluate (27 - 17 - (-3 - -11)) + 2.
4
Evaluate (0 - -3) + (-2 - -2) + -7.
-4
Calculate 3 + -1 + (-1 - (-4 - -9)).
-4
What is the value of (20 - (4 - -4)) + -10?
2
4 + (4 - (0 - 7 - -8))
7
Calculate (1 - 4) + (68 - 66).
-1
Evaluate (-3 - -14) + 0 + -5.
6
What is the value of -1 + (1 - (-1 - 0))?
1
Evaluate 2 - (11 + 1 + -10).
0
2 + -8 + 7 + -2
-1
8 + (-10 - -6) + (-14 - -8)
-2
(-3 - -3 - -4) + -7 + 4
1
Evaluate 0 - 3 - ((-5 - -3) + 3).
-4
Evaluate -12 - (-2 + 5 + 5 + -15).
-5
Evaluate (1 - -6) + -3 + (2 - 1).
5
Evaluate 2 + 0 + -3 + -3 + 0.
-4
What is 4 - (2 - -5) - 2?
-5
Calculate -3 - 1 - ((8 - 17) + 1).
4
What is -1 + 6 - (-9 + (2 - -8))?
4
16 + -12 - (-6 - -19)
-9
Calculate 14 - 16 - (1 + 1 + 1).
-5
What is the value of -8 - (0 + -12 + 5)?
-1
-1 + -7 - -13 - 3
2
What is -1 + -3 - (4 + 4 + -13)?
1
Calculate 1 + 0 + (-4 - 3).
-6
Calculate 2 - (0 - -3 - 0).
-1
What is 17 - (1 - -5) - 4?
7
(-10 + -5 - -5) + 9
-1
-4 - -6 - (0 - -1)
1
Evaluate 12 + (10 - 23 - -8).
7
3 + 4 + 4 + -10
1
Evaluate (0 + -8 - 0) + 8 + 8.
8
(-2 - (-5 - -1)) + 2 + -1
3
Calculate 2 - (3 - (3 - -3)) - -2.
7
(6 - (-1 - 0) - 14) + 3
-4
Evaluate 2 + 0 - (-9 - -8).
3
Evaluate 2 - (5 + -5 + (3 - 1)).
0
What is 1 - 6 - (-5 + 0)?
0
Evaluate 0 + -2 - -5 - (-21 - -21).
3
Evaluate -1 + (5 - (4 + 1 + -5)).
4
What is the value of 8 + -13 + 1 + 9?
5
What is the value of (-3 - -3) + 4 + -3?
1
What is 2 + 2 + 0 + (0 - 6)?
-2
Evaluate 1 - (-13 - -3 - -3 - -4).
4
What is 35 + -38 - (0 - (2 - 0))?
-1
What is the value of (8 - 4) + -7 - (-1 - -3)?
-5
Evaluate 1 - (-4 + 2 + 2 - -3).
-2
-43 - -42 - (-3 - (2 - 0))
4
Evaluate 5 + (-9 - -5) - 3.
-2
Calculate -8 - (-9 + 3 + -3).
1
What is (4 + -4 - -2) + -2 + 0?
0
Calculate 0 + -5 + -6 + 6.
-5
What is -1 - (6 + -5 - 5)?
3
Evaluate (-8 - -11) + (1 - 3 - -1).
2
Evaluate (-4 - -2) + (2 - 2 - -4).
2
Evaluate (-17 - -7 - -11) + 2.
3
Evaluate 11 + (-2 - 0) + -36 + 31.
4
Calculate (0 + -4 - -5) + 3.
4
What is (0 - -1) + -35 + 24?
-10
Evaluate -10 - 